z - 2139 + 495 = -2*x. Suppose -8*p - 14*p = -z. Calculate the greatest common factor of 120 and p.
15
Let d = 2493 - 2164. Calculate the greatest common divisor of d and 7.
7
Let s(g) = 9*g - 62. Let d(p) = 2. Let i(m) = 4*d(m) - s(m). Let k be i(0). Suppose 0 = -33*a + 30*a + 126. Calculate the greatest common divisor of k and a.
14
Let z(u) = 74*u + 4. Let f be z(-2). Let j = 244 + f. Let k = 112 - j. What is the highest common divisor of k and 36?
12
Let o be (45 - -1155)*(-2)/(-6). Let z = o - 389. Suppose t - 5 = -2*l + 16, 19 = 2*l + 3*t. What is the highest common factor of z and l?
11
Suppose 8678 = 3*i + 2*f, 125*i - 124*i - 3*f = 2922. Calculate the greatest common factor of 98 and i.
14
Suppose -45*c + 54*c - 3024 = 0. Suppose c*o - 112 = 328*o. Calculate the highest common divisor of 329 and o.
7
Suppose 3*v = -d + 42, -12*v - 67 = -14*v - 5*d. Let k be (-2 - -1) + (-155)/(-1). Calculate the greatest common factor of k and v.
11
Suppose 3*k - 487 = -5*x - 385, -24 = -2*x - 4*k. Calculate the greatest common factor of 210 and x.
6
Let q be 3921/27 + (-6)/27. Suppose 0 = -4*m - m + q. Let p(t) = -6*t**3 - 20*t**2 - 30*t - 14. Let l be p(-3). What is the highest common divisor of l and m?
29
Let n be ((-1)/2)/(3/(-48)). Suppose -n = -2*l - 2*l. Let d be (2/3)/(249/(-63) + 4). What is the highest common factor of l and d?
2
Let m(b) = -2*b**3 - 6*b**2 + 22*b - 54. Let f be m(11). Let x be 57/21 - 3 - f/28. What is the greatest common divisor of 24 and x?
6
Let h = -18592 - -18757. What is the greatest common factor of 4245 and h?
15
Let g be (120/(-7))/(6/(-42)). Suppose 6*d - 76 = 86. Let b = -12 + d. What is the greatest common divisor of g and b?
15
Let r(g) = -2*g**3 - 113*g + 11. Let j be r(-9). Calculate the highest common divisor of 22 and j.
22
Let l = 498 - 250. Suppose 28 = -7*z - 7. Let u(g) = -3*g + 16. Let m be u(z). What is the greatest common factor of m and l?
31
Let m = 3421 - 3416. Let s(d) = 9*d**2 + 2*d - 1. Let g be s(-4). Calculate the greatest common factor of m and g.
5
Suppose 21 - 5 = -2*g - 2*q, 3*g + 12 = 3*q. Let i be (-3 - -6) + g - -10. Calculate the greatest common divisor of 2 and i.
1
Let i = -27 - -62. Let d = 53 - 18. Let r be (28/(-10))/((-7)/d). What is the greatest common divisor of r and i?
7
Let r be (-506)/(-6)*18/33. Let o be 1/(2*2/920). What is the greatest common factor of o and r?
46
Let j(q) = 2*q**2 + 3*q. Let t be j(-2). Suppose 0*z - k = 5*z + 310, -t*z - 146 = -4*k. Let f = z - -70. Calculate the greatest common factor of f and 1.
1
Suppose -80*m + 12*m = -298177 - 129815. What is the greatest common divisor of 6 and m?
6
Suppose 3*z = 6, 2*p + 2 - 14 = -4*z. Suppose -m + 14 = -p*w, 2*m + 3*w - 25 - 3 = 0. Calculate the highest common factor of m and 266.
14
Suppose 2*a + 100 = 6*a. Suppose 7*h - 42*h = -280. Let n(q) = q**2 + 10*q - 44. Let w be n(h). Calculate the greatest common divisor of w and a.
25
Let v = 19359 + -17084. Calculate the highest common factor of 75 and v.
25
Let f = -9904 + 10045. What is the greatest common factor of 2397 and f?
141
Suppose -6*m = 1735 - 259. Let y = m - -284. Suppose 2*i = i + 19. What is the greatest common factor of i and y?
19
Suppose 328*d + 1645 = 335*d. Calculate the greatest common factor of d and 94.
47
Suppose 13*l = 416 + 2457. Calculate the highest common divisor of 17 and l.
17
Let t = 7185 + -4003. Let c be (t/215)/(2*2/80). What is the greatest common divisor of 8 and c?
8
Let z be (-24 + -7 + 6)/((-1)/5). Calculate the greatest common factor of z and 75.
25
Let k be (0 + 2)*(1610/40 + (-18)/24). Calculate the highest common divisor of 59803 and k.
79
Suppose 7*r - 244*r + 155709 = 0. Calculate the highest common factor of 292 and r.
73
Suppose 0 = 17*x - 20*x + 4*g + 418, 2 = -2*g. Calculate the highest common divisor of 1748 and x.
46
Let i be 7 - (-31 - (13 + -9)). Let m be (-26)/117 - (-632)/9. Calculate the highest common divisor of m and i.
14
Let k(l) = l**2 + 4*l - 28. Let z be (8 + -7)/(35/(-17) - -2). Let s be 2*(z/2 + 18 + -14). Let y be k(s). What is the greatest common divisor of y and 119?
17
Let l(w) = -w**3 - 9*w**2 - 17*w + 7. Let c = -212 - -205. Let o be l(c). What is the highest common factor of o and 280?
28
Let o(u) = -u**3 - 7*u**2 - 6*u + 3. Let z be o(-6). Let x = 257 + -219. Let t = x - 17. What is the greatest common factor of z and t?
3
Suppose 2*o - o - n = 157, 4*o + 3*n = 649. Calculate the greatest common factor of 165 and o.
5
Let h(t) = 3*t**2 + 20*t + 11. Let y be h(-8). Suppose u + 33 = y. Let o be 24 - ((-4)/(-4))/(-1). What is the highest common factor of o and u?
5
Let p(i) = -i**2 + 7*i - 8. Let y be (-10 - -7)/((-6)/20). Let c be 1/(y/(-6) - -2). Let a be p(c). What is the highest common divisor of 6 and a?
2
Let q(t) = -12*t + 86. Let w be q(-18). Let n = w + -148. What is the greatest common factor of n and 33?
11
Let g be (-25 + 20/(-5))*-1. Let t be ((-8)/(-5) + -1)*445. Suppose 5*x = t + 23. What is the greatest common divisor of x and g?
29
Let t(j) = 14*j**2 + 48*j + 185. Let r(c) = 5*c**2 + 16*c + 62. Let a(u) = 17*r(u) - 6*t(u). Let v be a(20). What is the greatest common divisor of v and 72?
24
Let q = -18459 - -18483. What is the greatest common divisor of 15504 and q?
24
Suppose -4*r = -v - 143, -13*r + 4*v = -9*r - 140. Calculate the highest common factor of r and 348.
12
Let w = 25454 + -24524. What is the highest common factor of 130 and w?
10
Suppose 0 = -2*v + 98 + 110. Let f = 4 - 4. Suppose -5*y + 50 = -2*m, y - 3*m = 23 - f. What is the greatest common divisor of y and v?
8
Let y be ((-89796)/(-77))/(12/(-264)*-4). Calculate the highest common divisor of 6 and y.
6
Let z = -143791 + 143792. Suppose 6*u = u. Suppose 2*h - 5*h + 12 = u. What is the highest common factor of h and z?
1
Let x = 36 - 28. Suppose 351 - 47 = -x*p. Let z = p - -63. Calculate the highest common factor of 225 and z.
25
Let o = -156 + 151. Let a(u) = u**3 + 10*u**2 + 7*u + 8. Let i be a(o). What is the highest common divisor of i and 49?
49
Suppose 26 = 3*f + 5*m, 38 = -12*f + 15*f - m. What is the greatest common factor of 3468 and f?
12
Let b = 154 - -2. Suppose -4*j - b = -8*j. What is the greatest common divisor of j and 91?
13
Let v = 61 + 64. Suppose -v = -p - 8. What is the greatest common divisor of 26 and p?
13
Suppose -2367 = 13*b - 1416 - 17110. What is the highest common divisor of b and 11?
11
Suppose -25*d + 24*d = -2*o + 287, 3*o = -d + 433. What is the highest common factor of 4284 and o?
36
Let m be ((-1)/(-2))/(((-95)/30)/19). Let x be ((-1)/3)/(-1) + 100/m. Let n = x + 89. What is the greatest common factor of 8 and n?
8
Suppose 49 - 181 = -11*n. Let c be 246/12 + 4 + (-6)/n. Calculate the highest common factor of 184 and c.
8
Suppose -626233 = 72*l - 2268769. What is the greatest common divisor of l and 14?
7
Let t(b) = -255*b + 3. Let q be t(2). Let i = -59 - q. Calculate the greatest common factor of i and 7.
7
Let y = -419 + 265. Let a = 353 + y. Suppose -261 - a = -5*c. Calculate the greatest common factor of c and 23.
23
Let x = -100 - -141. Let m be 0*((-24)/6 - -3). Suppose m = c - v - 165, -3*v + 6 = 9. What is the greatest common divisor of x and c?
41
Let o be ((-852)/(-10))/(278/695). What is the greatest common divisor of o and 9?
3
Let x(p) = -p**3 + 5*p**2 + p + 5. Let v be x(5). Let q(z) = -7*z - 85. Let y be q(-13). Let k = v + y. Calculate the highest common factor of k and 128.
16
Let b = 109 - 117. Let a be (12/b)/((-7)/182). What is the highest common factor of a and 3?
3
Let u(m) = 24*m**2 + 9*m - 9. Let y be u(1). Suppose 37 + 203 = 4*a. What is the greatest common divisor of y and a?
12
Let y = 29985 + -29445. What is the highest common factor of 729 and y?
27
Let n = -9022 - -9667. Calculate the highest common divisor of n and 225.
15
Let c = 352 + -342. Let q be (112/70)/((-4)/c) - -25. Let x = 416 - 227. What is the highest common factor of x and q?
21
Let v be (1*400/3)/((-2)/(-12)). Suppose -m = -4*m + 150. What is the greatest common factor of m and v?
50
Let z be (-36)/(-24) - 347*(-42)/12. What is the highest common factor of z and 532?
76
Suppose 1907*t + 264 = 1909*t. What is the highest common divisor of 1452 and t?
132
Let w = -13294 - -133